er when (-6)/(-8)*(-72)/(-27) is divided by v?
0
Let z(u) = -5*u - 2*u - u + 3 + 2*u. What is the remainder when 1*61*1/1 is divided by z(-3)?
19
Let c(x) = 2 + 2*x + 1 - 4*x. Let v(h) = h**2 + 3*h + 3. What is the remainder when v(-8) is divided by c(-6)?
13
Suppose 3*d = -34 - 89. Let t = -29 - d. Suppose -q + t = -3*h - 0*h, q - 14 = 5*h. What is the remainder when 25 is divided by q?
7
Let n(m) = -m**2 + 17*m - 24. Calculate the remainder when 8 is divided by n(15).
2
Let v(z) = z**3 - 8*z**2 - 8*z + 13. Let f(k) = k**3 - 2*k**2 + 6*k + 7. What is the remainder when f(4) is divided by v(9)?
19
Let z be (-2)/(-5)*(41 - 1). Let u be (-2)/6 + z/12. Calculate the remainder when 41 is divided by -5 + 7 + (u - -18).
20
Let i(j) = -j**2 + 9*j - 9. What is the remainder when 35 is divided by i(4)?
2
Let x(j) = -9*j**3 - 2*j**2 - 2*j - 1. Calculate the remainder when 600/42 + 4/(-14) is divided by x(-1).
6
Let m = 31 - 12. Suppose c = -q + 17, 3*c - m = 4*q + 25. Calculate the remainder when (1 + 8/(-6))*-141 is divided by c.
15
Let d(f) = -f**2 + f + 3. Suppose 3*y + 5*k = -20, 0 = y + 5*k + 20. Let x be d(y). Suppose -x*b + 14 = -2*b. Calculate the remainder when 26 is divided by b.
12
Suppose 3*t - 81 = 30. Calculate the remainder when 110 is divided by t.
36
Let m = 10 + -16. Let l(q) = -q**2 - 7*q + 3. Suppose 0 = -k - 2*k + 51. Calculate the remainder when k is divided by l(m).
8
Suppose -7*i + 2*i = 315. What is the remainder when 3 is divided by (-2)/(-10) + i/(-35)?
1
What is the remainder when ((-11)/(55/15))/((-1)/25) is divided by 19?
18
Let o(r) = 11*r**2 + 3*r. Suppose 5*d - 4 = 11. Suppose -c + 52 = d*c. Calculate the remainder when o(-2) is divided by c.
12
Let u be (-3)/3 + 1/1. Suppose i + s = -i + 27, -i + s + 6 = u. What is the remainder when i is divided by 6?
5
Let k(m) = m. Let p be k(6). What is the remainder when 2 is divided by (2/2)/(3/p)?
0
Suppose -3*n - 5*j + 2 = 0, 0*j - 60 = -5*n + 3*j. Calculate the remainder when 34 is divided by n.
7
Let l = -7 - -12. Suppose l*c - 2*c - 45 = 0. Let d = 25 - c. Calculate the remainder when 29 is divided by d.
9
Suppose -4*r = -10*r + 90. What is the remainder when 57 is divided by r?
12
Let y(k) = 2*k - 11. Let d(j) = -4*j + 23. Let s(i) = 6*d(i) + 13*y(i). Let x be s(4). Calculate the remainder when 11 is divided by x/(2 - 9/6).
5
Suppose 4 = -3*v + 5*v. Suppose -70 = v*o - 7*o. Suppose 79 = 5*s - 51. What is the remainder when s is divided by o?
12
Let j = 0 - -2. Let x(h) be the second derivative of h**3/3 - 2*h**2 + 3*h. What is the remainder when x(3) is divided by j?
0
Let b = -18 - -38. Let u = 55 - b. What is the remainder when u is divided by 18?
17
Suppose -h + 3*k + 2 = -3, -33 = 3*h + 3*k. Let l(b) = -b**3 - 8*b**2 - 10*b - 1. What is the remainder when 57 is divided by l(h)?
17
Suppose -z - s = 2*z - 114, 0 = 3*s. What is the remainder when z is divided by 10?
8
Suppose -3*a - 5*t = -34, -4*a = -3*t + t - 80. Calculate the remainder when (-8)/6*-8*3 is divided by 3/a + 65/6.
10
Suppose -z + 33 = -c, 0 = 2*z - 5*c + 14 - 83. Calculate the remainder when 125 is divided by z.
29
Suppose 2*q + 0*i + i = 17, 0 = 2*i + 6. Suppose -q = -p + 2. Calculate the remainder when p is divided by 7.
5
Let h(w) = -w + 84. Let l be h(0). Suppose -2*b = 3*i - 7 - 10, 4*i = 5*b + 15. Suppose u = i*u - l. Calculate the remainder when u is divided by 11.
10
Let w(v) = v**3 + 11*v**2 + 20. Calculate the remainder when w(-11) is divided by (-4)/6 + (-70)/(-6).
9
Let h(c) = -22*c**3 - 2*c**2 - 2*c - 1. What is the remainder when h(-1) is divided by 6?
3
Let h = -15 + 18. Suppose -3*i + 38 = -4*b + 160, 4*b + h*i - 110 = 0. What is the remainder when b is divided by 15?
14
Suppose 3*z - 12 = z. Calculate the remainder when z is divided by 2.
0
Suppose 3*j - 246 + 132 = 0. Let t(v) = v**3 - v**2 - 3*v + 4. Let i be (1 - 4/(-2))/1. What is the remainder when j is divided by t(i)?
12
Suppose -99 = -3*n - 5*h + h, -n + 3*h = -20. What is the remainder when 113 is divided by n?
26
Suppose 4*z - 11 - 1 = 4*a, -23 = -z - 3*a. Calculate the remainder when 13 is divided by z.
5
Let y(l) = 0 + 2 - 3 + 10*l**2. What is the remainder when y(-1) is divided by 3?
0
Let z(v) = -2*v**2 - 13*v - 9. What is the remainder when 73 is divided by z(-4)?
7
Let n be 14/(-2) + 3 + -3. Let o = 4 + n. What is the remainder when 30 is divided by (0 + -3)*16/o?
14
Let d(p) = p + 6. Let x be d(-3). Suppose -x*y + y + 14 = 0. Let j(w) = -6*w. What is the remainder when j(-2) is divided by y?
5
Let s(k) = -k**3 + 6*k**2 - 3*k + 1. Let l be s(7). Let h = 48 + l. Calculate the remainder when 22 is divided by 6/(-9)*(h - -3).
10
Suppose 2*c = -4*c + 180. What is the remainder when 58 is divided by c?
28
Let w = -295 + 307. Suppose -2*l = -5*i - 2 - 23, 40 = -5*i + 5*l. Calculate the remainder when (-45 + i + 1)*-1 is divided by w.
11
Suppose 2*t = 5*t - 102. Suppose -72 = -2*m + t. Calculate the remainder when m is divided by 18.
17
Let t = 5 - 7. Let n = t + 3. Suppose 6 = -c + a + 21, -c - n = 3*a. What is the remainder when c is divided by 4?
3
Let r(x) = -5*x**2 + 1. Let z be r(-1). Let p = z - -5. Calculate the remainder when (p/2)/(1/12) is divided by 4.
2
Let y = -2 - -12. What is the remainder when 49 is divided by y?
9
Calculate the remainder when 1*(-7)/(3 - 4) is divided by 3.
1
Let b be 4 - 1*(-1 + 2). Suppose j + y - 19 = -3*j, -4*y = -b*j. Let m(r) = 6*r - 110. What is the remainder when m(20) is divided by j?
2
Let o = 18 - 13. Suppose -o*w = -5*n - 0*w + 55, 2*w + 55 = 5*n. Calculate the remainder when 43 is divided by n.
10
Suppose 4*x = -12, 4*t - 2*x = 3*x + 91. Calculate the remainder when 37 is divided by t.
18
Let q(x) = x - 1. Let k be q(6). Let l = 0 + k. Suppose -c + 31 = l*h, 3*c + h = -c + 67. Calculate the remainder when c is divided by 9.
7
Suppose -3*n - 3*a + 117 = 0, 0 = 2*n - n + 3*a - 31. Suppose 0 = -0*k + 3*k - 69. What is the remainder when n is divided by k?
20
Let d = -31 - -44. Calculate the remainder when 41 is divided by d + -2 + (5 - 2).
13
What is the remainder when 13 is divided by (-4)/2 - (-4 + -3)?
3
Let l(w) = 4*w**3 + w**2 - w - 1. Let h be 2/5*15/3. Calculate the remainder when l(h) is divided by 9.
6
Let k = -11 + 19. What is the remainder when 21 is divided by k?
5
Let g(w) = -18*w + 9. Calculate the remainder when g(-8) is divided by 31.
29
Let s(f) = f + 50. Let o = -248 + 261. Calculate the remainder when s(0) is divided by o.
11
Let o(t) be the third derivative of t**5/60 - t**3/6 - t**2. Let j = 35 - 33. Calculate the remainder when o(2) is divided by j.
1
Calculate the remainder when 59 is divided by (3 - 1)*60/8.
14
Suppose 20 = m + 5*i - 7, 5 = 5*m - i. What is the remainder when 3 is divided by m?
1
Suppose 3*u - 15 = -2*u. Let h be (-50)/8 + u/12. Calculate the remainder when 28 is divided by ((-9)/(-6))/(h/(-40)).
8
Let c = 4 + 4. Suppose 3*f - 49 = c*y - 3*y, -4*y - 52 = -4*f. Calculate the remainder when 30 is divided by f.
6
Suppose 19 = 2*p - 3. Calculate the remainder when 29 is divided by p.
7
Let w be -1 + 1 - 1 - -4. Suppose 7*r = 11 + 24. Suppose -7 = w*u + 5*i - 0*i, 2*i + r = u. What is the remainder when u is divided by 1?
0
What is the remainder when (11 + 12)/(-1 + 2) is divided by 12?
11
Let j(l) = -4*l - 1. Let p be j(-1). Suppose 2*w - p*k = -2*w + 85, -3*w + 85 = 2*k. Suppose 2*u = 6*u - 52. Calculate the remainder when w is divided by u.
12
Suppose -9*u + 12*u - 39 = 0. Suppose -10 = -5*w + 2*c + 4, -3*c = -9. Let z(j) = -j**2 + 5*j + 1. What is the remainder when u is divided by z(w)?
3
Suppose -2*d + 22 + 34 = 0. Let w be ((-15)/(-6) + -3)*-122. Suppose -3*v - 87 = -5*n, w = 3*n - 5*v - 4. Calculate the remainder when d is divided by n.
13
What is the remainder when 2592/56 + (-4)/14 is divided by 24?
22
Let u(x) = -6*x + 1. Let w = -60 + 95. Suppose -2*k - w = -3*c, -2*c + 20 = -0*k - 3*k. What is the remainder when u(-4) is divided by c?
12
Suppose 3*g - 2*y - 95 = -40, -4*y = -4*g + 68. What is the remainder when g is divided by 9?
3
Let u = -91 - -134. Calculate the remainder when u is divided by 12.
7
Suppose 2*q - 12 = -q. Suppose q*s = 6*s - 20. Calculate the remainder when 96/5 - (-5)/(-25) is divided by s.
9
Suppose 0*z + 20 = 4*z